{"id":50,"date":"2018-10-04T12:28:43","date_gmt":"2018-10-04T15:28:43","guid":{"rendered":"https:\/\/camtra.org.br\/?page_id=50"},"modified":"2018-10-04T12:28:43","modified_gmt":"2018-10-04T15:28:43","slug":"inicio","status":"publish","type":"page","link":"https:\/\/novo2023.camtra.org.br\/index.php\/inicio\/","title":{"rendered":"In\u00edcio"},"content":{"rendered":"<div id=\"fb-root\"><\/div>\n<p>[vc_row][vc_column offset=&#8221;vc_col-lg-3 vc_col-md-12 vc_col-xs-12&#8243;][vc_custom_heading text=&#8221;\u00daLTIMAS NOT\u00cdCIAS&#8221; font_container=&#8221;tag:h3|font_size:60|text_align:left|line_height:1&#8243; use_theme_fonts=&#8221;yes&#8221;][vc_column_text]<a style=\"font-size: 18px;\" href=\"https:\/\/camtra.org.br\/noticias\/\">Ver todas as not\u00edcias &#8211;&gt;<\/a>[\/vc_column_text][\/vc_column][vc_column offset=&#8221;vc_col-lg-9 vc_col-md-12 vc_col-xs-12&#8243;][vc_basic_grid post_type=&#8221;post&#8221; max_items=&#8221;10&#8243; style=&#8221;pagination&#8221; items_per_page=&#8221;1&#8243; element_width=&#8221;12&#8243; arrows_design=&#8221;vc_arrow-icon-arrow_02_left&#8221; arrows_position=&#8221;outside&#8221; arrows_color=&#8221;purple&#8221; paging_design=&#8221;none&#8221; item=&#8221;59&#8243; grid_id=&#8221;vc_gid:1627670426431-612fb22a-2543-1&#8243; el_id=&#8221;noticias-capa&#8221; el_class=&#8221;visible-desktop hidden-tablet hidden-phone&#8221; taxonomies=&#8221;121&#8243;][vc_basic_grid post_type=&#8221;post&#8221; max_items=&#8221;10&#8243; style=&#8221;pagination&#8221; items_per_page=&#8221;1&#8243; element_width=&#8221;12&#8243; arrows_design=&#8221;vc_arrow-icon-arrow_02_left&#8221; arrows_position=&#8221;outside&#8221; arrows_color=&#8221;purple&#8221; paging_design=&#8221;none&#8221; item=&#8221;2902&#8243; grid_id=&#8221;vc_gid:1627670426432-652d4627-07a3-7&#8243; el_class=&#8221;hidden-desktop visible-tablet visible-phone&#8221; taxonomies=&#8221;121&#8243;][vc_empty_space height=&#8221;20&#8243;][\/vc_column][\/vc_row][vc_row css=&#8221;.vc_custom_1588799172724{margin-top: 20px !important;padding-top: 15px !important;background-color: #a64c76 !important;}&#8221;][vc_column width=&#8221;1\/2&#8243; css=&#8221;.vc_custom_1588966535870{padding-top: 15px !important;}&#8221; offset=&#8221;vc_col-lg-3 vc_col-md-12 vc_col-xs-12&#8243;][vc_empty_space height=&#8221;10px&#8221;][vc_single_image image=&#8221;5093&#8243; img_size=&#8221;130&#215;130&#8243;][vc_custom_heading text=&#8221;CAMTRA COVID-19&#8243; font_container=&#8221;tag:h4|font_size:48|text_align:left|line_height:1&#8243; use_theme_fonts=&#8221;yes&#8221; el_id=&#8221;home-covid-tit&#8221; css=&#8221;.vc_custom_1588966606017{margin-top: 0px !important;margin-bottom: 0px !important;padding-top: 0px !important;padding-bottom: 15px !important;}&#8221; el_class=&#8221;titulo-secao-home&#8221;][vc_column_text]<span style=\"color: #ffffff;\"><a style=\"font-size: 18px; color: #ffffff;\" href=\"https:\/\/camtra.org.br\/camtra-covid-19\/\">Ver todas as lutas &#8211;&gt;<\/a><\/span>[\/vc_column_text][vc_empty_space height=&#8221;10px&#8221;][\/vc_column][vc_column width=&#8221;1\/2&#8243; offset=&#8221;vc_col-lg-9 vc_col-md-12 vc_col-xs-12&#8243;][vc_basic_grid post_type=&#8221;post&#8221; max_items=&#8221;10&#8243; style=&#8221;pagination&#8221; items_per_page=&#8221;1&#8243; element_width=&#8221;12&#8243; arrows_design=&#8221;vc_arrow-icon-arrow_02_left&#8221; arrows_color=&#8221;purple&#8221; paging_design=&#8221;none&#8221; item=&#8221;4359&#8243; grid_id=&#8221;vc_gid:1627670426435-af06f8b1-fd73-7&#8243; el_class=&#8221;visible-desktop visible-tablet hidden-phone&#8221; taxonomies=&#8221;119&#8243; el_id=&#8221;posts-covid-capa&#8221;][vc_basic_grid post_type=&#8221;post&#8221; max_items=&#8221;10&#8243; style=&#8221;pagination&#8221; items_per_page=&#8221;1&#8243; element_width=&#8221;12&#8243; arrows_design=&#8221;vc_arrow-icon-arrow_02_left&#8221; arrows_position=&#8221;outside&#8221; arrows_color=&#8221;purple&#8221; paging_design=&#8221;none&#8221; item=&#8221;2902&#8243; grid_id=&#8221;vc_gid:1627670426437-27a83553-3c57-5&#8243; el_class=&#8221;hidden-desktop hidden-tablet visible-phone&#8221; taxonomies=&#8221;119&#8243;][vc_empty_space height=&#8221;10&#8243;][\/vc_column][\/vc_row][vc_row css=&#8221;.vc_custom_1588832579799{margin-top: 10px !important;padding-top: 20px !important;background-color: #ffffff !important;}&#8221;][vc_column offset=&#8221;vc_col-lg-4 vc_col-md-12 vc_col-xs-12&#8243;][vc_custom_heading text=&#8221;FALA, TRABALHADORA!&#8221; font_container=&#8221;tag:h4|font_size:44|text_align:left|line_height:1&#8243; use_theme_fonts=&#8221;yes&#8221; el_id=&#8221;trabalhadora-home-tit&#8221;][vc_column_text]<a style=\"font-size: 18px;\" href=\"https:\/\/camtra.org.br\/?page_id=4207\">Ver todas as entrevistas &#8211;&gt;<\/a>[\/vc_column_text][\/vc_column][vc_column offset=&#8221;vc_col-lg-8 vc_col-md-12 vc_col-xs-12&#8243;][vc_basic_grid post_type=&#8221;post&#8221; max_items=&#8221;10&#8243; style=&#8221;pagination&#8221; items_per_page=&#8221;1&#8243; element_width=&#8221;12&#8243; arrows_design=&#8221;vc_arrow-icon-arrow_02_left&#8221; arrows_color=&#8221;purple&#8221; paging_design=&#8221;none&#8221; item=&#8221;4398&#8243; grid_id=&#8221;vc_gid:1627670426439-91f6cce1-4415-6&#8243; el_class=&#8221;visible-desktop hidden-tablet hidden-phone&#8221; taxonomies=&#8221;120&#8243;][vc_basic_grid post_type=&#8221;post&#8221; max_items=&#8221;10&#8243; style=&#8221;pagination&#8221; items_per_page=&#8221;1&#8243; element_width=&#8221;12&#8243; arrows_design=&#8221;vc_arrow-icon-arrow_02_left&#8221; arrows_position=&#8221;outside&#8221; arrows_color=&#8221;purple&#8221; paging_design=&#8221;none&#8221; item=&#8221;2902&#8243; grid_id=&#8221;vc_gid:1627670426440-940da589-215a-3&#8243; el_class=&#8221;hidden-desktop hidden-tablet visible-phone&#8221; taxonomies=&#8221;120&#8243;][\/vc_column][\/vc_row][vc_row video_bg=&#8221;yes&#8221; video_bg_url=&#8221;https:\/\/www.youtube.com\/watch?v=PWzCbVOpHKg&#8221; css=&#8221;.vc_custom_1588832632507{margin-top: -25px !important;background-color: #e5b3c8 !important;}&#8221; el_id=&#8221;video-capa&#8221;][vc_column][vc_empty_space height=&#8221;400&#8243; el_class=&#8221;visible-desktop visible-tablet hidden-phone&#8221;][vc_video link=&#8221;https:\/\/www.youtube.com\/watch?v=PWzCbVOpHKg&#8221; el_aspect=&#8221;43&#8243; align=&#8221;center&#8221; el_class=&#8221;hidden-desktop hidden-tablet visible-phone&#8221;][vc_row_inner][vc_column_inner el_class=&#8221;visible-desktop visible-tablet hidden-phone&#8221; width=&#8221;1\/2&#8243;][vc_btn title=&#8221;Veja este v\u00eddeo&#8221; color=&#8221;pink&#8221; align=&#8221;center&#8221; i_icon_fontawesome=&#8221;fa fa-youtube&#8221; add_icon=&#8221;true&#8221; link=&#8221;url:https%3A%2F%2Fyoutu.be%2FPWzCbVOpHKg||target:%20_blank|&#8221;][\/vc_column_inner][vc_column_inner width=&#8221;1\/2&#8243;][vc_btn title=&#8221;Todos os v\u00eddeos&#8221; color=&#8221;pink&#8221; align=&#8221;center&#8221; i_icon_fontawesome=&#8221;fa fa-youtube&#8221; add_icon=&#8221;true&#8221; link=&#8221;url:https%3A%2F%2Fcamtra.org.br%2Fnovo%2Fnosso-trabalho%2Fvideos%2F|||&#8221;][\/vc_column_inner][\/vc_row_inner][\/vc_column][\/vc_row][vc_row][vc_column][vc_empty_space height=&#8221;20&#8243;][vc_custom_heading text=&#8221;O QUE DEFENDEMOS&#8221; font_container=&#8221;tag:h3|font_size:60|text_align:center|line_height:1&#8243; use_theme_fonts=&#8221;yes&#8221;][vc_row_inner][vc_column_inner width=&#8221;1\/4&#8243;][vc_single_image image=&#8221;1297&#8243; img_size=&#8221;full&#8221; alignment=&#8221;center&#8221; onclick=&#8221;custom_link&#8221; link=&#8221;https:\/\/camtra.org.br\/o-que-defendemos\/nossas-causas\/#direitos-sexuais-e-direitos-reprodutivos&#8221;][\/vc_column_inner][vc_column_inner width=&#8221;1\/4&#8243;][vc_single_image image=&#8221;1298&#8243; img_size=&#8221;full&#8221; alignment=&#8221;center&#8221; onclick=&#8221;custom_link&#8221; link=&#8221;https:\/\/camtra.org.br\/o-que-defendemos\/nossas-causas\/#educacao-para-autonomia&#8221;][\/vc_column_inner][vc_column_inner width=&#8221;1\/4&#8243;][vc_single_image image=&#8221;1296&#8243; img_size=&#8221;full&#8221; alignment=&#8221;center&#8221; onclick=&#8221;custom_link&#8221; link=&#8221;https:\/\/camtra.org.br\/o-que-defendemos\/nossas-causas\/#trabalho-das-mulheres&#8221;][\/vc_column_inner][vc_column_inner width=&#8221;1\/4&#8243;][vc_single_image image=&#8221;943&#8243; img_size=&#8221;full&#8221; alignment=&#8221;center&#8221; onclick=&#8221;custom_link&#8221; link=&#8221;https:\/\/camtra.org.br\/o-que-defendemos\/nossas-causas\/#violencia-contra-as-mulheres&#8221;][\/vc_column_inner][\/vc_row_inner][\/vc_column][\/vc_row][vc_row][vc_column][vc_empty_space height=&#8221;20&#8243;][\/vc_column][\/vc_row][vc_row css=&#8221;.vc_custom_1538690063316{background-color: #a64c76 !important;}&#8221;][vc_column][vc_empty_space height=&#8221;20&#8243;][vc_custom_heading text=&#8221;JUNTE-SE A N\u00d3S&#8221; font_container=&#8221;tag:h3|font_size:60|text_align:center|color:%23ffffff|line_height:1&#8243; use_theme_fonts=&#8221;yes&#8221;][vc_column_text el_id=&#8221;form-junte-se-a-nos&#8221;]<\/p>\n<p style=\"text-align: center; line-height: 16px;\"><span style=\"color: #ffffff; font-size: 14px;\">Gostaria de receber e-mails ou mensagens pelo WhatsApp da CAMTRA para<br \/>\nme manter informada(o) sobre os movimentos pelos direitos das mulheres.<\/span><\/p>\n<p>[contact_form to=&#8221;comunicacao@camtra.org.br&#8221; subject=&#8221;Inscri\u00e7\u00e3o enviada atrav\u00e9s do formul\u00e1rio (JUNTE-SE A N\u00d3S) da p\u00e1gina inicial do site camtra.org.br&#8221; thankyou=&#8221;Obrigado por se inscrever para receber comunicados da CAMTRA.&#8221; button=&#8221;\u2192&#8221; fields=&#8221;name,email,whatsapp&#8221;][\/vc_column_text][\/vc_column][\/vc_row][vc_row el_id=&#8221;parcerias-camtra&#8221;][vc_column][vc_empty_space height=&#8221;20&#8243;][vc_custom_heading text=&#8221;PARCERIAS&#8221; font_container=&#8221;tag:h3|font_size:60|text_align:center|line_height:1&#8243; use_theme_fonts=&#8221;yes&#8221;][\/vc_column][\/vc_row][vc_row][vc_column width=&#8221;5\/6&#8243;][vc_row_inner][vc_column_inner width=&#8221;1\/4&#8243;][vc_single_image image=&#8221;2453&#8243; img_size=&#8221;full&#8221; alignment=&#8221;center&#8221;][\/vc_column_inner][vc_column_inner width=&#8221;1\/4&#8243;][vc_single_image image=&#8221;2455&#8243; img_size=&#8221;full&#8221; alignment=&#8221;center&#8221;][\/vc_column_inner][vc_column_inner width=&#8221;1\/4&#8243;][vc_single_image image=&#8221;2464&#8243; img_size=&#8221;full&#8221; alignment=&#8221;center&#8221;][\/vc_column_inner][vc_column_inner width=&#8221;1\/4&#8243;][vc_single_image image=&#8221;2458&#8243; img_size=&#8221;full&#8221; alignment=&#8221;center&#8221;][\/vc_column_inner][\/vc_row_inner][vc_row_inner][vc_column_inner width=&#8221;1\/3&#8243;][vc_single_image image=&#8221;2456&#8243; img_size=&#8221;full&#8221; alignment=&#8221;center&#8221;][\/vc_column_inner][vc_column_inner width=&#8221;1\/3&#8243;][vc_single_image image=&#8221;2461&#8243; img_size=&#8221;full&#8221; alignment=&#8221;center&#8221;][\/vc_column_inner][vc_column_inner width=&#8221;1\/3&#8243;][vc_empty_space height=&#8221;40&#8243;][vc_single_image image=&#8221;7695&#8243; img_size=&#8221;full&#8221; alignment=&#8221;center&#8221;][\/vc_column_inner][\/vc_row_inner][\/vc_column][vc_column width=&#8221;1\/6&#8243; css=&#8221;.vc_custom_1627670421256{padding-right: 15% !important;padding-left: 15% !important;}&#8221;][vc_empty_space height=&#8221;60&#8243;][vc_single_image image=&#8221;7694&#8243; img_size=&#8221;full&#8221; alignment=&#8221;center&#8221;][\/vc_column][\/vc_row]<\/p>\n","protected":false},"excerpt":{"rendered":"<p>[vc_row][vc_column offset=&#8221;vc_col-lg-3 vc_col-md-12 vc_col-xs-12&#8243;][vc_custom_heading text=&#8221;\u00daLTIMAS NOT\u00cdCIAS&#8221; font_container=&#8221;tag:h3|font_size:60|text_align:left|line_height:1&#8243; use_theme_fonts=&#8221;yes&#8221;][vc_column_text]Ver todas as not\u00edcias &#8211;&gt;[\/vc_column_text][\/vc_column][vc_column offset=&#8221;vc_col-lg-9 vc_col-md-12 vc_col-xs-12&#8243;][vc_basic_grid post_type=&#8221;post&#8221; max_items=&#8221;10&#8243; style=&#8221;pagination&#8221; items_per_page=&#8221;1&#8243; element_width=&#8221;12&#8243; arrows_design=&#8221;vc_arrow-icon-arrow_02_left&#8221; arrows_position=&#8221;outside&#8221; arrows_color=&#8221;purple&#8221; paging_design=&#8221;none&#8221; item=&#8221;59&#8243; grid_id=&#8221;vc_gid:1627670426431-612fb22a-2543-1&#8243; el_id=&#8221;noticias-capa&#8221; el_class=&#8221;visible-desktop hidden-tablet hidden-phone&#8221; [&hellip;]<\/p>\n","protected":false},"author":3,"featured_media":0,"parent":0,"menu_order":10,"comment_status":"closed","ping_status":"closed","template":"","meta":{"om_disable_all_campaigns":false,"_monsterinsights_skip_tracking":false,"_monsterinsights_sitenote_active":false,"_monsterinsights_sitenote_note":"","_monsterinsights_sitenote_category":0,"_uf_show_specific_survey":0,"_uf_disable_surveys":false,"ocean_post_layout":"","ocean_both_sidebars_style":"","ocean_both_sidebars_content_width":0,"ocean_both_sidebars_sidebars_width":0,"ocean_sidebar":"","ocean_second_sidebar":"","ocean_disable_margins":"enable","ocean_add_body_class":"","ocean_shortcode_before_top_bar":"","ocean_shortcode_after_top_bar":"","ocean_shortcode_before_header":"","ocean_shortcode_after_header":"","ocean_has_shortcode":"","ocean_shortcode_after_title":"","ocean_shortcode_before_footer_widgets":"","ocean_shortcode_after_footer_widgets":"","ocean_shortcode_before_footer_bottom":"","ocean_shortcode_after_footer_bottom":"","ocean_display_top_bar":"default","ocean_display_header":"default","ocean_header_style":"","ocean_center_header_left_menu":"","ocean_custom_header_template":"","ocean_custom_logo":0,"ocean_custom_retina_logo":0,"ocean_custom_logo_max_width":0,"ocean_custom_logo_tablet_max_width":0,"ocean_custom_logo_mobile_max_width":0,"ocean_custom_logo_max_height":0,"ocean_custom_logo_tablet_max_height":0,"ocean_custom_logo_mobile_max_height":0,"ocean_header_custom_menu":"","ocean_menu_typo_font_family":"","ocean_menu_typo_font_subset":"","ocean_menu_typo_font_size":0,"ocean_menu_typo_font_size_tablet":0,"ocean_menu_typo_font_size_mobile":0,"ocean_menu_typo_font_size_unit":"px","ocean_menu_typo_font_weight":"","ocean_menu_typo_font_weight_tablet":"","ocean_menu_typo_font_weight_mobile":"","ocean_menu_typo_transform":"","ocean_menu_typo_transform_tablet":"","ocean_menu_typo_transform_mobile":"","ocean_menu_typo_line_height":0,"ocean_menu_typo_line_height_tablet":0,"ocean_menu_typo_line_height_mobile":0,"ocean_menu_typo_line_height_unit":"","ocean_menu_typo_spacing":0,"ocean_menu_typo_spacing_tablet":0,"ocean_menu_typo_spacing_mobile":0,"ocean_menu_typo_spacing_unit":"","ocean_menu_link_color":"","ocean_menu_link_color_hover":"","ocean_menu_link_color_active":"","ocean_menu_link_background":"","ocean_menu_link_hover_background":"","ocean_menu_link_active_background":"","ocean_menu_social_links_bg":"","ocean_menu_social_hover_links_bg":"","ocean_menu_social_links_color":"","ocean_menu_social_hover_links_color":"","ocean_disable_title":"default","ocean_disable_heading":"default","ocean_post_title":"","ocean_post_subheading":"","ocean_post_title_style":"","ocean_post_title_background_color":"","ocean_post_title_background":0,"ocean_post_title_bg_image_position":"","ocean_post_title_bg_image_attachment":"","ocean_post_title_bg_image_repeat":"","ocean_post_title_bg_image_size":"","ocean_post_title_height":0,"ocean_post_title_bg_overlay":0.5,"ocean_post_title_bg_overlay_color":"","ocean_disable_breadcrumbs":"default","ocean_breadcrumbs_color":"","ocean_breadcrumbs_separator_color":"","ocean_breadcrumbs_links_color":"","ocean_breadcrumbs_links_hover_color":"","ocean_display_footer_widgets":"default","ocean_display_footer_bottom":"default","ocean_custom_footer_template":"","footnotes":""},"class_list":["post-50","page","type-page","status-publish","hentry","entry"],"aioseo_notices":[],"yoast_head":"<!-- This site is optimized with the Yoast SEO plugin v23.0 - https:\/\/yoast.com\/wordpress\/plugins\/seo\/ -->\n<title>In\u00edcio - CAMTRA NOVO<\/title>\n<meta name=\"robots\" content=\"index, follow, max-snippet:-1, max-image-preview:large, max-video-preview:-1\" \/>\n<link rel=\"canonical\" href=\"https:\/\/novo2023.camtra.org.br\/index.php\/inicio\/\" \/>\n<meta property=\"og:locale\" content=\"pt_BR\" \/>\n<meta property=\"og:type\" content=\"article\" \/>\n<meta property=\"og:title\" content=\"In\u00edcio - CAMTRA NOVO\" \/>\n<meta property=\"og:description\" content=\"[vc_row][vc_column offset=&#8221;vc_col-lg-3 vc_col-md-12 vc_col-xs-12&#8243;][vc_custom_heading text=&#8221;\u00daLTIMAS NOT\u00cdCIAS&#8221; font_container=&#8221;tag:h3|font_size:60|text_align:left|line_height:1&#8243; use_theme_fonts=&#8221;yes&#8221;][vc_column_text]Ver todas as not\u00edcias &#8211;&gt;[\/vc_column_text][\/vc_column][vc_column offset=&#8221;vc_col-lg-9 vc_col-md-12 vc_col-xs-12&#8243;][vc_basic_grid post_type=&#8221;post&#8221; max_items=&#8221;10&#8243; style=&#8221;pagination&#8221; items_per_page=&#8221;1&#8243; element_width=&#8221;12&#8243; arrows_design=&#8221;vc_arrow-icon-arrow_02_left&#8221; arrows_position=&#8221;outside&#8221; arrows_color=&#8221;purple&#8221; paging_design=&#8221;none&#8221; item=&#8221;59&#8243; grid_id=&#8221;vc_gid:1627670426431-612fb22a-2543-1&#8243; el_id=&#8221;noticias-capa&#8221; el_class=&#8221;visible-desktop hidden-tablet hidden-phone&#8221; [&hellip;]\" \/>\n<meta property=\"og:url\" content=\"https:\/\/novo2023.camtra.org.br\/index.php\/inicio\/\" \/>\n<meta property=\"og:site_name\" content=\"CAMTRA NOVO\" \/>\n<meta name=\"twitter:card\" content=\"summary_large_image\" \/>\n<meta name=\"twitter:label1\" content=\"Est. tempo de leitura\" \/>\n\t<meta name=\"twitter:data1\" content=\"6 minutos\" \/>\n<script type=\"application\/ld+json\" class=\"yoast-schema-graph\">{\"@context\":\"https:\/\/schema.org\",\"@graph\":[{\"@type\":\"WebPage\",\"@id\":\"https:\/\/novo2023.camtra.org.br\/index.php\/inicio\/\",\"url\":\"https:\/\/novo2023.camtra.org.br\/index.php\/inicio\/\",\"name\":\"In\u00edcio - CAMTRA NOVO\",\"isPartOf\":{\"@id\":\"https:\/\/novo2023.camtra.org.br\/#website\"},\"datePublished\":\"2018-10-04T15:28:43+00:00\",\"dateModified\":\"2018-10-04T15:28:43+00:00\",\"breadcrumb\":{\"@id\":\"https:\/\/novo2023.camtra.org.br\/index.php\/inicio\/#breadcrumb\"},\"inLanguage\":\"pt-BR\",\"potentialAction\":[{\"@type\":\"ReadAction\",\"target\":[\"https:\/\/novo2023.camtra.org.br\/index.php\/inicio\/\"]}]},{\"@type\":\"BreadcrumbList\",\"@id\":\"https:\/\/novo2023.camtra.org.br\/index.php\/inicio\/#breadcrumb\",\"itemListElement\":[{\"@type\":\"ListItem\",\"position\":1,\"name\":\"Home\",\"item\":\"https:\/\/novo2023.camtra.org.br\/\"},{\"@type\":\"ListItem\",\"position\":2,\"name\":\"In\u00edcio\"}]},{\"@type\":\"WebSite\",\"@id\":\"https:\/\/novo2023.camtra.org.br\/#website\",\"url\":\"https:\/\/novo2023.camtra.org.br\/\",\"name\":\"CAMTRA NOVO\",\"description\":\"\",\"publisher\":{\"@id\":\"https:\/\/novo2023.camtra.org.br\/#organization\"},\"potentialAction\":[{\"@type\":\"SearchAction\",\"target\":{\"@type\":\"EntryPoint\",\"urlTemplate\":\"https:\/\/novo2023.camtra.org.br\/?s={search_term_string}\"},\"query-input\":\"required name=search_term_string\"}],\"inLanguage\":\"pt-BR\"},{\"@type\":\"Organization\",\"@id\":\"https:\/\/novo2023.camtra.org.br\/#organization\",\"name\":\"CAMTRA NOVO\",\"url\":\"https:\/\/novo2023.camtra.org.br\/\",\"logo\":{\"@type\":\"ImageObject\",\"inLanguage\":\"pt-BR\",\"@id\":\"https:\/\/novo2023.camtra.org.br\/#\/schema\/logo\/image\/\",\"url\":\"https:\/\/novo2023.camtra.org.br\/wp-content\/uploads\/2024\/01\/CAMTRA-comflor-roxa-logo_logo-camtra-principal-flor.png\",\"contentUrl\":\"https:\/\/novo2023.camtra.org.br\/wp-content\/uploads\/2024\/01\/CAMTRA-comflor-roxa-logo_logo-camtra-principal-flor.png\",\"width\":1172,\"height\":330,\"caption\":\"CAMTRA NOVO\"},\"image\":{\"@id\":\"https:\/\/novo2023.camtra.org.br\/#\/schema\/logo\/image\/\"}}]}<\/script>\n<!-- \/ Yoast SEO plugin. -->","yoast_head_json":{"title":"In\u00edcio - CAMTRA NOVO","robots":{"index":"index","follow":"follow","max-snippet":"max-snippet:-1","max-image-preview":"max-image-preview:large","max-video-preview":"max-video-preview:-1"},"canonical":"https:\/\/novo2023.camtra.org.br\/index.php\/inicio\/","og_locale":"pt_BR","og_type":"article","og_title":"In\u00edcio - CAMTRA NOVO","og_description":"[vc_row][vc_column offset=&#8221;vc_col-lg-3 vc_col-md-12 vc_col-xs-12&#8243;][vc_custom_heading text=&#8221;\u00daLTIMAS NOT\u00cdCIAS&#8221; font_container=&#8221;tag:h3|font_size:60|text_align:left|line_height:1&#8243; use_theme_fonts=&#8221;yes&#8221;][vc_column_text]Ver todas as not\u00edcias &#8211;&gt;[\/vc_column_text][\/vc_column][vc_column offset=&#8221;vc_col-lg-9 vc_col-md-12 vc_col-xs-12&#8243;][vc_basic_grid post_type=&#8221;post&#8221; max_items=&#8221;10&#8243; style=&#8221;pagination&#8221; items_per_page=&#8221;1&#8243; element_width=&#8221;12&#8243; arrows_design=&#8221;vc_arrow-icon-arrow_02_left&#8221; arrows_position=&#8221;outside&#8221; arrows_color=&#8221;purple&#8221; paging_design=&#8221;none&#8221; item=&#8221;59&#8243; grid_id=&#8221;vc_gid:1627670426431-612fb22a-2543-1&#8243; el_id=&#8221;noticias-capa&#8221; el_class=&#8221;visible-desktop hidden-tablet hidden-phone&#8221; [&hellip;]","og_url":"https:\/\/novo2023.camtra.org.br\/index.php\/inicio\/","og_site_name":"CAMTRA NOVO","twitter_card":"summary_large_image","twitter_misc":{"Est. tempo de leitura":"6 minutos"},"schema":{"@context":"https:\/\/schema.org","@graph":[{"@type":"WebPage","@id":"https:\/\/novo2023.camtra.org.br\/index.php\/inicio\/","url":"https:\/\/novo2023.camtra.org.br\/index.php\/inicio\/","name":"In\u00edcio - CAMTRA NOVO","isPartOf":{"@id":"https:\/\/novo2023.camtra.org.br\/#website"},"datePublished":"2018-10-04T15:28:43+00:00","dateModified":"2018-10-04T15:28:43+00:00","breadcrumb":{"@id":"https:\/\/novo2023.camtra.org.br\/index.php\/inicio\/#breadcrumb"},"inLanguage":"pt-BR","potentialAction":[{"@type":"ReadAction","target":["https:\/\/novo2023.camtra.org.br\/index.php\/inicio\/"]}]},{"@type":"BreadcrumbList","@id":"https:\/\/novo2023.camtra.org.br\/index.php\/inicio\/#breadcrumb","itemListElement":[{"@type":"ListItem","position":1,"name":"Home","item":"https:\/\/novo2023.camtra.org.br\/"},{"@type":"ListItem","position":2,"name":"In\u00edcio"}]},{"@type":"WebSite","@id":"https:\/\/novo2023.camtra.org.br\/#website","url":"https:\/\/novo2023.camtra.org.br\/","name":"CAMTRA NOVO","description":"","publisher":{"@id":"https:\/\/novo2023.camtra.org.br\/#organization"},"potentialAction":[{"@type":"SearchAction","target":{"@type":"EntryPoint","urlTemplate":"https:\/\/novo2023.camtra.org.br\/?s={search_term_string}"},"query-input":"required name=search_term_string"}],"inLanguage":"pt-BR"},{"@type":"Organization","@id":"https:\/\/novo2023.camtra.org.br\/#organization","name":"CAMTRA NOVO","url":"https:\/\/novo2023.camtra.org.br\/","logo":{"@type":"ImageObject","inLanguage":"pt-BR","@id":"https:\/\/novo2023.camtra.org.br\/#\/schema\/logo\/image\/","url":"https:\/\/novo2023.camtra.org.br\/wp-content\/uploads\/2024\/01\/CAMTRA-comflor-roxa-logo_logo-camtra-principal-flor.png","contentUrl":"https:\/\/novo2023.camtra.org.br\/wp-content\/uploads\/2024\/01\/CAMTRA-comflor-roxa-logo_logo-camtra-principal-flor.png","width":1172,"height":330,"caption":"CAMTRA NOVO"},"image":{"@id":"https:\/\/novo2023.camtra.org.br\/#\/schema\/logo\/image\/"}}]}},"_links":{"self":[{"href":"https:\/\/novo2023.camtra.org.br\/index.php\/wp-json\/wp\/v2\/pages\/50"}],"collection":[{"href":"https:\/\/novo2023.camtra.org.br\/index.php\/wp-json\/wp\/v2\/pages"}],"about":[{"href":"https:\/\/novo2023.camtra.org.br\/index.php\/wp-json\/wp\/v2\/types\/page"}],"author":[{"embeddable":true,"href":"https:\/\/novo2023.camtra.org.br\/index.php\/wp-json\/wp\/v2\/users\/3"}],"replies":[{"embeddable":true,"href":"https:\/\/novo2023.camtra.org.br\/index.php\/wp-json\/wp\/v2\/comments?post=50"}],"version-history":[{"count":0,"href":"https:\/\/novo2023.camtra.org.br\/index.php\/wp-json\/wp\/v2\/pages\/50\/revisions"}],"wp:attachment":[{"href":"https:\/\/novo2023.camtra.org.br\/index.php\/wp-json\/wp\/v2\/media?parent=50"}],"curies":[{"name":"wp","href":"https:\/\/api.w.org\/{rel}","templated":true}]}}